{"id":358,"date":"2021-08-09T11:14:24","date_gmt":"2021-08-09T11:14:24","guid":{"rendered":"https:\/\/www.adgarage.ro\/blog\/?page_id=358"},"modified":"2023-12-06T17:43:12","modified_gmt":"2023-12-06T14:43:12","slug":"blog","status":"publish","type":"page","link":"https:\/\/www.adgarage.ro\/blog\/","title":{"rendered":"Blog"},"content":{"rendered":"<div class=\"wpb-content-wrapper\"><p>[vc_row equal_height=&#8221;yes&#8221;][vc_column]<div id=\"cz_27599\" class=\"cz_27599\"><div class=\"cz_grid cz_grid_1 clr cz_posts_list_1 cz_grid_1_title_sub_after cz_grid_1_has_excerpt cz_grid_1_bot tal cz_single_line_title\" data-atts='{\"action\":\"cz_ajax_posts\",\"post_class\":\"cz_grid_item\",\"post__in\":null,\"author__in\":null,\"nonce\":\"388abc871c\",\"nonce_id\":\"cz_27599\",\"loadmore_end\":\"Not found more posts\",\"layout\":\"cz_posts_list_1\",\"hover\":\"cz_grid_1_title_sub_after cz_grid_1_has_excerpt\",\"image_size\":\"400x200\",\"subtitles\":\"%5B%7B%22t%22%3A%22date%22%7D%5D\",\"subtitle_pos\":\"\",\"icon\":\"fa fa-search\",\"el\":\"48\",\"title_lenght\":\"52\",\"cat_tax\":\"category\",\"cat\":\"1\",\"cat_exclude\":\"\",\"tag_tax\":\"post_tag\",\"tag_id\":\"\",\"tag_exclude\":\"\",\"post_type\":\"post\",\"posts_per_page\":\"\",\"order\":\"DESC\",\"orderby\":\"date\",\"tilt_data\":null,\"svg_sizes\":[\"0\",\"0\"],\"img_fx\":\"\",\"custom_size\":\"400x200\",\"excerpt_rm\":false,\"title_tag\":\"h3\",\"s\":\"\"}'><div class=\"cz_grid_item cz_grid_first\"><\/div><div data-id=\"977\" class=\"cz_grid_item  cz_posts_list_even 977 post-977 post type-post status-publish format-standard has-post-thumbnail hentry category-utile tag-durabil tag-garantie tag-masina\"><div class=\"clr\"><a class=\"cz_grid_link\" href=\"https:\/\/www.adgarage.ro\/blog\/cand-ar-trebui-sa-schimbi-distributia\/\" title=\"C\u00e2nd ar trebui s\u0103 schimbi distribu\u021bia?\u00a0\"><img decoding=\"async\" class=\"\" src=\"https:\/\/www.adgarage.ro\/blog\/wp-content\/uploads\/2024\/11\/Photo-blogs-ADG-oct-3-400x200.jpg\" width=\"400\" height=\"200\" alt=\"Photo blogs ADG oct (3)\" title=\"Photo blogs ADG oct (3)\" loading=\"lazy\" \/><div class=\"cz_grid_details\"><i class=\"fa fa-search cz_grid_icon\"><\/i><\/div><\/a><div class=\"cz_grid_details cz_grid_details_outside\"><a class=\"cz_grid_title\" href=\"https:\/\/www.adgarage.ro\/blog\/cand-ar-trebui-sa-schimbi-distributia\/\"><h3>C\u00e2nd ar trebui s\u0103 schimbi distribu\u021bia?\u00a0<\/h3><\/a><small class=\"clr\"><span class=\"cz_post_data cz_data_date\"><a href=\"https:\/\/www.adgarage.ro\/blog\/cand-ar-trebui-sa-schimbi-distributia\/\" aria-label=\"Post date\">November 20, 2024<\/a><\/span><\/small><div class=\"cz_post_excerpt\">Hai s\u0103 vorbim despre distribu\u021bie. Probabil ai auzit c\u0103 trebuie schimbat\u0103 la un moment dat, dar \u0219tii exact de ce? Distribu\u021bia e una dintre acele componente care \u021bin motorul \u00een ritm, sincroniz\u00e2nd tot ce trebuie pentru ca ma\u0219ina s\u0103 mearg\u0103 bine. E ca dirijorul unei orchestre \u2013 dac\u0103 distribu\u021bia ...<\/div><\/div><\/div><\/div><div data-id=\"968\" class=\"cz_grid_item  cz_posts_list_odd 968 post-968 post type-post status-publish format-standard has-post-thumbnail hentry category-regulamente category-utile tag-durabil tag-masina\"><div class=\"clr\"><a class=\"cz_grid_link\" href=\"https:\/\/www.adgarage.ro\/blog\/ai-intrat-intr-o-groapa-cu-masina-si-te-costa-de-te-usuca-afla-cum-poti-obtine-despagubiri\/\" title=\"Ai intrat \u00eentr-o groap\u0103 cu ma\u0219ina \u0219i te cost\u0103 de te usuc\u0103? Afl\u0103 cum po\u021bi ob\u021bine desp\u0103gubiri!\u00a0\"><img decoding=\"async\" class=\"\" src=\"https:\/\/www.adgarage.ro\/blog\/wp-content\/uploads\/2024\/10\/Photo-blogs-ADG-oct-1-400x200.jpg\" width=\"400\" height=\"200\" alt=\"Photo blogs ADG oct (1)\" title=\"Photo blogs ADG oct (1)\" loading=\"lazy\" \/><div class=\"cz_grid_details\"><i class=\"fa fa-search cz_grid_icon\"><\/i><\/div><\/a><div class=\"cz_grid_details cz_grid_details_outside\"><a class=\"cz_grid_title\" href=\"https:\/\/www.adgarage.ro\/blog\/ai-intrat-intr-o-groapa-cu-masina-si-te-costa-de-te-usuca-afla-cum-poti-obtine-despagubiri\/\"><h3>Ai intrat \u00eentr-o groap\u0103 cu ma\u0219ina \u0219i te cost\u0103 de te usuc\u0103? Afl\u0103 cum po\u021bi ob\u021bine desp\u0103gubiri!\u00a0<\/h3><\/a><small class=\"clr\"><span class=\"cz_post_data cz_data_date\"><a href=\"https:\/\/www.adgarage.ro\/blog\/ai-intrat-intr-o-groapa-cu-masina-si-te-costa-de-te-usuca-afla-cum-poti-obtine-despagubiri\/\" aria-label=\"Post date\">October 24, 2024<\/a><\/span><\/small><div class=\"cz_post_excerpt\">\u00cen Rom\u00e2nia, drumurile pline de gropi sunt o realitate frustrant\u0103, iar pagubele provocate pot fi costisitoare. Ce spune legisla\u021bia?&nbsp; Conform legii, administratorii drumurilor publice (fie c\u0103 sunt locali, jude\u021beni sau na\u021bionali) au responsabilitatea de-a \u00eentre\u021bine drumurile \u00een stare bun\u0103 de func\u021bionare. Dac\u0103 drumul prezint\u0103 gropi sau ...<\/div><\/div><\/div><\/div><div data-id=\"938\" class=\"cz_grid_item  cz_posts_list_even 938 post-938 post type-post status-publish format-standard has-post-thumbnail hentry category-utile\"><div class=\"clr\"><a class=\"cz_grid_link\" href=\"https:\/\/www.adgarage.ro\/blog\/prima-masina-la-ce-sa-fii-atent-cand-in-sfarsit-o-cumperi\/\" title=\"Prima ma\u0219in\u0103. La ce s\u0103 fii atent c\u00e2nd, \u00een sf\u00e2r\u0219it, o cumperi.\u00a0\"><img decoding=\"async\" class=\"\" src=\"https:\/\/www.adgarage.ro\/blog\/wp-content\/uploads\/2024\/08\/Condu-defensiv-1-400x200.jpg\" width=\"400\" height=\"200\" alt=\"Condu defensiv (1)\" title=\"Condu defensiv (1)\" loading=\"lazy\" \/><div class=\"cz_grid_details\"><i class=\"fa fa-search cz_grid_icon\"><\/i><\/div><\/a><div class=\"cz_grid_details cz_grid_details_outside\"><a class=\"cz_grid_title\" href=\"https:\/\/www.adgarage.ro\/blog\/prima-masina-la-ce-sa-fii-atent-cand-in-sfarsit-o-cumperi\/\"><h3>Prima ma\u0219in\u0103. La ce s\u0103 fii atent c\u00e2nd, \u00een sf\u00e2r\u0219it, o cumperi.\u00a0<\/h3><\/a><small class=\"clr\"><span class=\"cz_post_data cz_data_date\"><a href=\"https:\/\/www.adgarage.ro\/blog\/prima-masina-la-ce-sa-fii-atent-cand-in-sfarsit-o-cumperi\/\" aria-label=\"Post date\">August 30, 2024<\/a><\/span><\/small><div class=\"cz_post_excerpt\">Cu to\u021bii ne amintim nostalgici de prima ma\u0219in\u0103, de senza\u021bie de libertate de atunci c\u00e2nd \u00een sf\u00e2r\u0219it am primit cheia\u2026 Alegerea primei ma\u0219ini poate fi experien\u021b\u0103 emo\u021bional\u0103, care vine clar \u00eenso\u021bit\u0103 \u00eens\u0103 \u0219i de anxietate \u0219i presiune. Noi \u021bi-am sugera s\u0103 alege, \u00een primul r\u00e2nd, ma\u0219ina de ...<\/div><\/div><\/div><\/div><div data-id=\"924\" class=\"cz_grid_item  cz_posts_list_odd 924 post-924 post type-post status-publish format-standard has-post-thumbnail hentry category-utile\"><div class=\"clr\"><a class=\"cz_grid_link\" href=\"https:\/\/www.adgarage.ro\/blog\/prima-data-cand-duci-masina-la-revizie-ce-trebuie-schimbat-si-de-ce-e-atat-de-important-s-o-faci-la-timp\/\" title=\"Prima dat\u0103 c\u00e2nd duci ma\u0219ina la revizie? Ce trebuie schimbat \u0219i de ce e at\u00e2t de important s-o faci la timp\"><img decoding=\"async\" class=\"\" src=\"https:\/\/www.adgarage.ro\/blog\/wp-content\/uploads\/2024\/08\/Photo-blogs-ADG-4-400x200.jpg\" width=\"400\" height=\"200\" alt=\"Photo-blogs-ADG-4\" title=\"Photo-blogs-ADG-4\" loading=\"lazy\" \/><div class=\"cz_grid_details\"><i class=\"fa fa-search cz_grid_icon\"><\/i><\/div><\/a><div class=\"cz_grid_details cz_grid_details_outside\"><a class=\"cz_grid_title\" href=\"https:\/\/www.adgarage.ro\/blog\/prima-data-cand-duci-masina-la-revizie-ce-trebuie-schimbat-si-de-ce-e-atat-de-important-s-o-faci-la-timp\/\"><h3>Prima dat\u0103 c\u00e2nd duci ma\u0219ina la revizie? Ce trebuie schimbat \u0219i de ce e at\u00e2t de important s-o faci la timp<\/h3><\/a><small class=\"clr\"><span class=\"cz_post_data cz_data_date\"><a href=\"https:\/\/www.adgarage.ro\/blog\/prima-data-cand-duci-masina-la-revizie-ce-trebuie-schimbat-si-de-ce-e-atat-de-important-s-o-faci-la-timp\/\" aria-label=\"Post date\">August 2, 2024<\/a><\/span><\/small><div class=\"cz_post_excerpt\">Odat\u0103 m\u00e2ndru posesor de ma\u0219in\u0103, este de datoria ta s-o \u00eentre\u021bii c\u00e2t mai bine pentru c\u00e2t mai mult timp. Una dintre cele mai importante activit\u0103\u021bi de \u00eentre\u021binere este prima revizie a ma\u0219inii, un moment crucial pentru a te asigura c\u0103 vehiculul t\u0103u func\u021bioneaz\u0103 corect \u0219i pentru a ...<\/div><\/div><\/div><\/div><div data-id=\"913\" class=\"cz_grid_item  cz_posts_list_even 913 post-913 post type-post status-publish format-standard has-post-thumbnail hentry category-utile tag-baterie tag-durabil tag-fiabil tag-masina\"><div class=\"clr\"><a class=\"cz_grid_link\" href=\"https:\/\/www.adgarage.ro\/blog\/cele-mai-fiabile-baterii-in-2024\/\" title=\"Cele mai fiabile baterii \u00een 2024\u00a0\"><img decoding=\"async\" class=\"\" src=\"https:\/\/www.adgarage.ro\/blog\/wp-content\/uploads\/2024\/07\/Photo-blogs-ADG-3-400x200.jpg\" width=\"400\" height=\"200\" alt=\"Photo blogs ADG (3)\" title=\"Photo blogs ADG (3)\" loading=\"lazy\" \/><div class=\"cz_grid_details\"><i class=\"fa fa-search cz_grid_icon\"><\/i><\/div><\/a><div class=\"cz_grid_details cz_grid_details_outside\"><a class=\"cz_grid_title\" href=\"https:\/\/www.adgarage.ro\/blog\/cele-mai-fiabile-baterii-in-2024\/\"><h3>Cele mai fiabile baterii \u00een 2024\u00a0<\/h3><\/a><small class=\"clr\"><span class=\"cz_post_data cz_data_date\"><a href=\"https:\/\/www.adgarage.ro\/blog\/cele-mai-fiabile-baterii-in-2024\/\" aria-label=\"Post date\">July 8, 2024<\/a><\/span><\/small><div class=\"cz_post_excerpt\">Bateria auto joac\u0103 un rol extrem de important \u00een ceea ce \u00eenseamn\u0103 buna func\u021bionare a vehiculului t\u0103u. Ea este responsabil\u0103 de pornirea motorului \u0219i alimentarea sistemelor electrice. Dar ca orice alt\u0103 component\u0103 a ma\u0219inii tale, la un moment dat se uzeaz\u0103 \u0219i trebuie \u00eenlocuit\u0103. Special pentru tine, ne ...<\/div><\/div><\/div><\/div><div data-id=\"896\" class=\"cz_grid_item  cz_posts_list_odd 896 post-896 post type-post status-publish format-standard has-post-thumbnail hentry category-utile\"><div class=\"clr\"><a class=\"cz_grid_link\" href=\"https:\/\/www.adgarage.ro\/blog\/cum-sa-fim-in-siguranta-in-trafic-sfaturi-pentru-incepatori-de-la-tavi-pertea-politist-rutier-si-influencer\/\" title=\"Cum s\u0103 fim \u00een siguran\u021b\u0103 \u00een trafic: sfaturi pentru \u00eencep\u0103tori de la Tavi Per\u021bea, poli\u021bist rutier \u0219i influencer\u00a0\u00a0\"><img decoding=\"async\" class=\"\" src=\"https:\/\/www.adgarage.ro\/blog\/wp-content\/uploads\/2024\/06\/Tavi-Pertea-interviu-2-400x200.jpg\" width=\"400\" height=\"200\" alt=\"Tavi-Pertea-interviu-2\" title=\"Tavi-Pertea-interviu-2\" loading=\"lazy\" \/><div class=\"cz_grid_details\"><i class=\"fa fa-search cz_grid_icon\"><\/i><\/div><\/a><div class=\"cz_grid_details cz_grid_details_outside\"><a class=\"cz_grid_title\" href=\"https:\/\/www.adgarage.ro\/blog\/cum-sa-fim-in-siguranta-in-trafic-sfaturi-pentru-incepatori-de-la-tavi-pertea-politist-rutier-si-influencer\/\"><h3>Cum s\u0103 fim \u00een siguran\u021b\u0103 \u00een trafic: sfaturi pentru \u00eencep\u0103tori de la Tavi Per\u021bea, poli\u021bist rutier \u0219i influencer\u00a0\u00a0<\/h3><\/a><small class=\"clr\"><span class=\"cz_post_data cz_data_date\"><a href=\"https:\/\/www.adgarage.ro\/blog\/cum-sa-fim-in-siguranta-in-trafic-sfaturi-pentru-incepatori-de-la-tavi-pertea-politist-rutier-si-influencer\/\" aria-label=\"Post date\">June 13, 2024<\/a><\/span><\/small><div class=\"cz_post_excerpt\">Statisticile sunt \u00eenfior\u0103toare. \u00cen 2023 au fost \u00eenregistra\u021bi peste 1540 de mor\u021bi \u00een accidente rutiere, conform Inspectoratului General al Poli\u021biei Rom\u00e2ne (IGPR). Cu aceste date alarmante \u00een fa\u021b\u0103, nu putem s\u0103 nu ne \u00eentreb\u0103m de ce? Sunt \u0219oferii tineri, \u00eencep\u0103tori, complet iresponsabili? I-am cerut p\u0103rerea lui Octavian ...<\/div><\/div><\/div><\/div><div data-id=\"891\" class=\"cz_grid_item  cz_posts_list_even 891 post-891 post type-post status-publish format-standard has-post-thumbnail hentry category-utile\"><div class=\"clr\"><a class=\"cz_grid_link\" href=\"https:\/\/www.adgarage.ro\/blog\/preventia-este-mama-sigurantei-ce-trebuie-sa-verifici-inainte-sa-pleci-la-drum-lung\/\" title=\"Preven\u021bia este mama siguran\u021bei. Ce trebuie s\u0103 verifici \u00eenainte s\u0103 pleci la drum lung\u00a0\"><img decoding=\"async\" class=\"\" src=\"https:\/\/www.adgarage.ro\/blog\/wp-content\/uploads\/2024\/05\/Photo-blogs-ADG-1-400x200.jpg\" width=\"400\" height=\"200\" alt=\"Photo-blogs-ADG-1\" title=\"Photo-blogs-ADG-1\" loading=\"lazy\" \/><div class=\"cz_grid_details\"><i class=\"fa fa-search cz_grid_icon\"><\/i><\/div><\/a><div class=\"cz_grid_details cz_grid_details_outside\"><a class=\"cz_grid_title\" href=\"https:\/\/www.adgarage.ro\/blog\/preventia-este-mama-sigurantei-ce-trebuie-sa-verifici-inainte-sa-pleci-la-drum-lung\/\"><h3>Preven\u021bia este mama siguran\u021bei. Ce trebuie s\u0103 verifici \u00eenainte s\u0103 pleci la drum lung\u00a0<\/h3><\/a><small class=\"clr\"><span class=\"cz_post_data cz_data_date\"><a href=\"https:\/\/www.adgarage.ro\/blog\/preventia-este-mama-sigurantei-ce-trebuie-sa-verifici-inainte-sa-pleci-la-drum-lung\/\" aria-label=\"Post date\">May 31, 2024<\/a><\/span><\/small><div class=\"cz_post_excerpt\">Indiferent de destina\u021bie, un drum lung poate fi o experien\u021b\u0103 pl\u0103cut\u0103 sau un co\u0219mar, \u00een func\u021bie de preg\u0103tirea prealabil\u0103. S\u0103 te asiguri c\u0103 ma\u0219ina ta este \u00een perfect\u0103 stare de func\u021bionare \u0219i c\u0103 e\u0219ti preg\u0103tit pentru orice eventualitate nu este doar o m\u0103sur\u0103 de siguran\u021b\u0103, ci \u0219i un ...<\/div><\/div><\/div><\/div><div data-id=\"888\" class=\"cz_grid_item  cz_posts_list_odd 888 post-888 post type-post status-publish format-standard has-post-thumbnail hentry category-utile\"><div class=\"clr\"><a class=\"cz_grid_link\" href=\"https:\/\/www.adgarage.ro\/blog\/ghidul-de-supravietuire-ce-sa-faci-cand-te-lasa-masina-n-drum\/\" title=\"Ghidul de supravie\u021buire: ce s\u0103 faci c\u00e2nd te las\u0103 ma\u0219ina-n drum\"><img decoding=\"async\" class=\"\" src=\"https:\/\/www.adgarage.ro\/blog\/wp-content\/uploads\/2024\/05\/Photo-blogs-ADG-400x200.jpg\" width=\"400\" height=\"200\" alt=\"Photo-blogs-ADG\" title=\"Photo-blogs-ADG\" loading=\"lazy\" \/><div class=\"cz_grid_details\"><i class=\"fa fa-search cz_grid_icon\"><\/i><\/div><\/a><div class=\"cz_grid_details cz_grid_details_outside\"><a class=\"cz_grid_title\" href=\"https:\/\/www.adgarage.ro\/blog\/ghidul-de-supravietuire-ce-sa-faci-cand-te-lasa-masina-n-drum\/\"><h3>Ghidul de supravie\u021buire: ce s\u0103 faci c\u00e2nd te las\u0103 ma\u0219ina-n drum<\/h3><\/a><small class=\"clr\"><span class=\"cz_post_data cz_data_date\"><a href=\"https:\/\/www.adgarage.ro\/blog\/ghidul-de-supravietuire-ce-sa-faci-cand-te-lasa-masina-n-drum\/\" aria-label=\"Post date\">May 31, 2024<\/a><\/span><\/small><div class=\"cz_post_excerpt\">S\u0103 r\u0103m\u00e2i \u00een drum cu ma\u0219ina pentru prima dat\u0103 poate fi o experien\u021b\u0103 stresant\u0103 \u0219i frustrant\u0103, mai ales dac\u0103 nu e\u0219ti preg\u0103tit pentru astfel de situa\u021bii. Cu toate acestea, cunosc\u00e2nd pa\u0219ii corec\u021bi de urmat, po\u021bi gestiona situa\u021bia cu calm \u0219i eficien\u021b\u0103. Iat\u0103 ce trebuie s\u0103 faci atunci c\u00e2nd ...<\/div><\/div><\/div><\/div><div data-id=\"873\" class=\"cz_grid_item  cz_posts_list_even 873 post-873 post type-post status-publish format-standard has-post-thumbnail hentry category-utile tag-europa tag-garantie tag-garantie-internationala tag-granita tag-manopera tag-masina tag-piese-auto tag-revizie tag-vacanta tag-vama\"><div class=\"clr\"><a class=\"cz_grid_link\" href=\"https:\/\/www.adgarage.ro\/blog\/prima-daca-cand-iesi-din-tara-cu-masina-iata-tot-ce-trebuie-sa-stii\/\" title=\"Prima dac\u0103 c\u00e2nd ie\u0219i din \u021bar\u0103 cu ma\u0219ina? Iat\u0103 tot ce trebuie s\u0103 \u0219tii!\u00a0\"><img decoding=\"async\" class=\"\" src=\"https:\/\/www.adgarage.ro\/blog\/wp-content\/uploads\/2024\/05\/Prima-daca\u0306-ca\u0302nd-ies\u0326i-din-t\u0326ara\u0306-cu-mas\u0326ina-Iata\u0306-tot-ce-trebuie-sa\u0306-s\u0326tii-1-400x200.jpg\" width=\"400\" height=\"200\" alt=\"Prima-daca\u0306-ca\u0302nd-ies\u0326i-din-t\u0326ara\u0306-cu-mas\u0326ina-Iata\u0306-tot-ce-trebuie-sa\u0306-s\u0326tii-1\" title=\"Prima-daca\u0306-ca\u0302nd-ies\u0326i-din-t\u0326ara\u0306-cu-mas\u0326ina-Iata\u0306-tot-ce-trebuie-sa\u0306-s\u0326tii-1\" loading=\"lazy\" \/><div class=\"cz_grid_details\"><i class=\"fa fa-search cz_grid_icon\"><\/i><\/div><\/a><div class=\"cz_grid_details cz_grid_details_outside\"><a class=\"cz_grid_title\" href=\"https:\/\/www.adgarage.ro\/blog\/prima-daca-cand-iesi-din-tara-cu-masina-iata-tot-ce-trebuie-sa-stii\/\"><h3>Prima dac\u0103 c\u00e2nd ie\u0219i din \u021bar\u0103 cu ma\u0219ina? Iat\u0103 tot ce trebuie s\u0103 \u0219tii!\u00a0<\/h3><\/a><small class=\"clr\"><span class=\"cz_post_data cz_data_date\"><a href=\"https:\/\/www.adgarage.ro\/blog\/prima-daca-cand-iesi-din-tara-cu-masina-iata-tot-ce-trebuie-sa-stii\/\" aria-label=\"Post date\">May 9, 2024<\/a><\/span><\/small><div class=\"cz_post_excerpt\">C\u0103 e o vacan\u021b\u0103 bine planificat\u0103 \u00een avans, un city-break de ultim moment sau poate chiar un business trip, c\u00e2teodat\u0103 este mai convenabil s\u0103 pleci din \u021bar\u0103 cu ma\u0219ina dec\u00e2t cu avionul. Dac\u0103 e\u0219ti \u0219ofer la \u00eenceput de drum \u0219i nu \u0219tii care sunt procedurile sau ce ...<\/div><\/div><\/div><\/div><div data-id=\"865\" class=\"cz_grid_item  cz_posts_list_odd 865 post-865 post type-post status-publish format-standard has-post-thumbnail hentry category-utile\"><div class=\"clr\"><a class=\"cz_grid_link\" href=\"https:\/\/www.adgarage.ro\/blog\/cele-mai-cumparate-amortizoare-auto-2024\/\" title=\"Cele mai cump\u0103rate amortizoare auto (2024)\u00a0\"><img decoding=\"async\" class=\"\" src=\"https:\/\/www.adgarage.ro\/blog\/wp-content\/uploads\/2024\/04\/Poza-Blog-amortizoare-2-1-400x200.jpg\" width=\"400\" height=\"200\" alt=\"Poza-Blog-amortizoare-2-1\" title=\"Poza-Blog-amortizoare-2-1\" loading=\"lazy\" \/><div class=\"cz_grid_details\"><i class=\"fa fa-search cz_grid_icon\"><\/i><\/div><\/a><div class=\"cz_grid_details cz_grid_details_outside\"><a class=\"cz_grid_title\" href=\"https:\/\/www.adgarage.ro\/blog\/cele-mai-cumparate-amortizoare-auto-2024\/\"><h3>Cele mai cump\u0103rate amortizoare auto (2024)\u00a0<\/h3><\/a><small class=\"clr\"><span class=\"cz_post_data cz_data_date\"><a href=\"https:\/\/www.adgarage.ro\/blog\/cele-mai-cumparate-amortizoare-auto-2024\/\" aria-label=\"Post date\">April 12, 2024<\/a><\/span><\/small><div class=\"cz_post_excerpt\">\u00cen c\u0103utarea celor mai fiabile \u0219i performante amortizoare pentru ma\u0219ina ta? Cei mai potrivi\u021bi s\u0103 ofere r\u0103spunsurile corecte sunt tehnicienii din service-uri, care se ocup\u0103 zi de zi de ma\u0219ini de toate m\u0103rcile. C\u00e2nd vine vorba de condus, suspensia vehiculului joac\u0103 un rol esen\u021bial \u00een asigurarea confortului ...<\/div><\/div><\/div><\/div><div class=\"tac mt40 cz_no_grid\">\n\t<nav class=\"navigation pagination\" aria-label=\"Posts pagination\">\n\t\t<h2 class=\"screen-reader-text\">Posts pagination<\/h2>\n\t\t<div class=\"nav-links\"><span aria-current=\"page\" class=\"page-numbers current\">1<\/span>\n<a class=\"page-numbers\" href=\"https:\/\/www.adgarage.ro\/blog\/wp-json\/wp\/v2\/pages\/358\/page\/2\/\">2<\/a>\n<span class=\"page-numbers dots\">&hellip;<\/span>\n<a class=\"page-numbers\" href=\"https:\/\/www.adgarage.ro\/blog\/wp-json\/wp\/v2\/pages\/358\/page\/10\/\">10<\/a>\n<a class=\"next page-numbers\" href=\"https:\/\/www.adgarage.ro\/blog\/wp-json\/wp\/v2\/pages\/358\/page\/2\/\"><i class=\"fa fa-angle-double-right ml4\"><\/i><\/a><\/div>\n\t<\/nav><\/div><\/div><\/div>[\/vc_column][\/vc_row]<\/p>\n<\/div>","protected":false},"excerpt":{"rendered":"<p>[vc_row equal_height=&#8221;yes&#8221;][vc_column][\/vc_column][\/vc_row] &#8230; <a class=\"cz_readmore\" href=\"https:\/\/www.adgarage.ro\/blog\/cele-mai-cumparate-amortizoare-auto-2024\/\"><i class=\"fa fa-angle-right\" aria-hidden=\"true\"><\/i><span>Read More<\/span><\/a><\/p>\n","protected":false},"author":1,"featured_media":0,"parent":0,"menu_order":0,"comment_status":"closed","ping_status":"closed","template":"","meta":{"footnotes":""},"class_list":["post-358","page","type-page","status-publish","hentry"],"_links":{"self":[{"href":"https:\/\/www.adgarage.ro\/blog\/wp-json\/wp\/v2\/pages\/358","targetHints":{"allow":["GET"]}}],"collection":[{"href":"https:\/\/www.adgarage.ro\/blog\/wp-json\/wp\/v2\/pages"}],"about":[{"href":"https:\/\/www.adgarage.ro\/blog\/wp-json\/wp\/v2\/types\/page"}],"author":[{"embeddable":true,"href":"https:\/\/www.adgarage.ro\/blog\/wp-json\/wp\/v2\/users\/1"}],"replies":[{"embeddable":true,"href":"https:\/\/www.adgarage.ro\/blog\/wp-json\/wp\/v2\/comments?post=358"}],"version-history":[{"count":12,"href":"https:\/\/www.adgarage.ro\/blog\/wp-json\/wp\/v2\/pages\/358\/revisions"}],"predecessor-version":[{"id":812,"href":"https:\/\/www.adgarage.ro\/blog\/wp-json\/wp\/v2\/pages\/358\/revisions\/812"}],"wp:attachment":[{"href":"https:\/\/www.adgarage.ro\/blog\/wp-json\/wp\/v2\/media?parent=358"}],"curies":[{"name":"wp","href":"https:\/\/api.w.org\/{rel}","templated":true}]}}